{"id":12611,"date":"2019-04-30T17:46:51","date_gmt":"2019-04-30T17:46:51","guid":{"rendered":"https:\/\/avanziquimica.com.br\/?page_id=12611"},"modified":"2019-06-03T13:25:47","modified_gmt":"2019-06-03T13:25:47","slug":"acido-acetico-glacial","status":"publish","type":"page","link":"https:\/\/avanziquimica.com.br\/?page_id=12611","title":{"rendered":"\u00c1cido Ac\u00e9tico Glacial"},"content":{"rendered":"<div class=\"wpb-content-wrapper\"><div class=\"vc_row wpb_row vc_row-fluid\"><div class=\"wpb_column vc_column_container vc_col-sm-1\/5\"><div class=\"vc_column-inner \"><div class=\"wpb_wrapper\">\r\n\t<div class=\"wpb_text_column wpb_content_element \" >\r\n\t\t<div class=\"wpb_wrapper\">\r\n\t\t\t<h4 style=\"text-align: center;\">R\u00f3tulo de Risco<\/h4>\n<p><img decoding=\"async\" class=\"alignnone wp-image-13033\" src=\"http:\/\/avanziquimica.com.br\/wp-content\/uploads\/2019\/06\/Flame_big.png\" alt=\"\" width=\"41\" height=\"41\" srcset=\"https:\/\/avanziquimica.com.br\/wp-content\/uploads\/2019\/06\/Flame_big.png 225w, https:\/\/avanziquimica.com.br\/wp-content\/uploads\/2019\/06\/Flame_big-150x150.png 150w, https:\/\/avanziquimica.com.br\/wp-content\/uploads\/2019\/06\/Flame_big-100x100.png 100w\" sizes=\"(max-width: 41px) 100vw, 41px\" \/><img decoding=\"async\" class=\"alignnone wp-image-13029\" src=\"http:\/\/avanziquimica.com.br\/wp-content\/uploads\/2019\/06\/Corrosion.png\" alt=\"\" width=\"39\" height=\"39\" srcset=\"https:\/\/avanziquimica.com.br\/wp-content\/uploads\/2019\/06\/Corrosion.png 225w, https:\/\/avanziquimica.com.br\/wp-content\/uploads\/2019\/06\/Corrosion-150x150.png 150w, https:\/\/avanziquimica.com.br\/wp-content\/uploads\/2019\/06\/Corrosion-100x100.png 100w\" sizes=\"(max-width: 39px) 100vw, 39px\" \/><\/p>\n\r\n\t\t<\/div>\r\n\t<\/div>\r\n<\/div><\/div><\/div><div class=\"wpb_column vc_column_container vc_col-sm-1\/5\"><div class=\"vc_column-inner \"><div class=\"wpb_wrapper\">\r\n\t<div class=\"wpb_text_column wpb_content_element \" >\r\n\t\t<div class=\"wpb_wrapper\">\r\n\t\t\t<h4 style=\"text-align: center;\">N\u00famero ONU<\/h4>\n<h3 style=\"text-align: center;\"><strong>80<\/strong><\/h3>\n<h3 style=\"text-align: center;\"><strong>2790<\/strong><\/h3>\n\r\n\t\t<\/div>\r\n\t<\/div>\r\n<\/div><\/div><\/div><div class=\"wpb_column vc_column_container vc_col-sm-1\/5\"><div class=\"vc_column-inner \"><div class=\"wpb_wrapper\">\r\n\t<div class=\"wpb_text_column wpb_content_element \" >\r\n\t\t<div class=\"wpb_wrapper\">\r\n\t\t\t<h4 style=\"text-align: center;\">CAS n\u00ba<\/h4>\n<h3 style=\"text-align: center;\">64-19-7<\/h3>\n\r\n\t\t<\/div>\r\n\t<\/div>\r\n<\/div><\/div><\/div><div class=\"wpb_column vc_column_container vc_col-sm-1\/5\"><div class=\"vc_column-inner \"><div class=\"wpb_wrapper\">\r\n\t<div class=\"wpb_text_column wpb_content_element \" >\r\n\t\t<div class=\"wpb_wrapper\">\r\n\t\t\t<h4 style=\"text-align: center;\">F\u00f3rmula Molecular<\/h4>\n<h3 style=\"text-align: center;\"><strong>C2 H4 O2<\/strong><\/h3>\n\r\n\t\t<\/div>\r\n\t<\/div>\r\n<\/div><\/div><\/div><div class=\"wpb_column vc_column_container vc_col-sm-1\/5\"><div class=\"vc_column-inner \"><div class=\"wpb_wrapper\">\r\n\t<div class=\"wpb_text_column wpb_content_element \" >\r\n\t\t<div class=\"wpb_wrapper\">\r\n\t\t\t<h4 style=\"text-align: center;\">Estrutura<\/h4>\n<p><img decoding=\"async\" class=\"wp-image-12549 aligncenter\" src=\"http:\/\/avanziquimica.com.br\/wp-content\/uploads\/2019\/03\/Acetic-acid-CRC-GED-3D-balls-B-300x232.png\" alt=\"\" width=\"117\" height=\"91\" srcset=\"https:\/\/avanziquimica.com.br\/wp-content\/uploads\/2019\/03\/Acetic-acid-CRC-GED-3D-balls-B-300x232.png 300w, https:\/\/avanziquimica.com.br\/wp-content\/uploads\/2019\/03\/Acetic-acid-CRC-GED-3D-balls-B-768x593.png 768w, https:\/\/avanziquimica.com.br\/wp-content\/uploads\/2019\/03\/Acetic-acid-CRC-GED-3D-balls-B-1024x791.png 1024w, https:\/\/avanziquimica.com.br\/wp-content\/uploads\/2019\/03\/Acetic-acid-CRC-GED-3D-balls-B-750x580.png 750w, https:\/\/avanziquimica.com.br\/wp-content\/uploads\/2019\/03\/Acetic-acid-CRC-GED-3D-balls-B-540x417.png 540w, https:\/\/avanziquimica.com.br\/wp-content\/uploads\/2019\/03\/Acetic-acid-CRC-GED-3D-balls-B-600x464.png 600w, https:\/\/avanziquimica.com.br\/wp-content\/uploads\/2019\/03\/Acetic-acid-CRC-GED-3D-balls-B.png 1100w\" sizes=\"(max-width: 117px) 100vw, 117px\" \/><\/p>\n\r\n\t\t<\/div>\r\n\t<\/div>\r\n<\/div><\/div><\/div><\/div><div class=\"vc_row wpb_row vc_row-fluid\"><div class=\"wpb_column vc_column_container vc_col-sm-12\"><div class=\"vc_column-inner \"><div class=\"wpb_wrapper\"><div class=\"vc_empty_space\"   style=\"height: 32px\"><span class=\"vc_empty_space_inner\"><\/span><\/div><\/div><\/div><\/div><\/div><div class=\"vc_row wpb_row vc_row-fluid\"><div class=\"wpb_column vc_column_container vc_col-sm-12\"><div class=\"vc_column-inner \"><div class=\"wpb_wrapper\"><div class='dt-sc-tabs-horizontal-container ' data-effect='fade'><ul class='dt-sc-tabs-horizontal'><li><a href=\"javascript:void(0);\">SIN\u00d4NIMO<\/a><\/li><li><a href=\"javascript:void(0);\">PROPRIEDADES F\u00cdSICO-QU\u00cdMICAS E AMBIENTAIS<\/a><\/li><li><a href=\"javascript:void(0);\">APLICA\u00c7\u00d5ES<\/a><\/li><li><a href=\"javascript:void(0);\">INFORMA\u00c7\u00d5ES SOBRE INTOXICA\u00c7\u00c3O HUMANA<\/a><\/li><li><a href=\"javascript:void(0);\">APAR\u00caNCIA<\/a><\/li><\/ul><div class='dt-sc-tabs-horizontal-content'><ul>\n<li><span>\u00c1CIDO ETAN\u00d3ICO<\/span><\/li>\n<li><span>\u00c1CIDO METACARBOX\u00cdLICO<\/span><\/li>\n<li><span>\u00c1CIDO ET\u00cdLICO<\/span><\/li>\n<\/ul><\/div><div class='dt-sc-tabs-horizontal-content'><ul class='dt-sc-fancy-list   arrow'>\n<li><strong>pH : <\/strong>&lt; 2<\/li>\n<li><strong>Ponto de fus\u00e3o\/ponto de <\/strong><strong>congelamento: <\/strong>16,7\u00baC<\/li>\n<li><strong>Ponto de ebuli\u00e7\u00e3o inicial e faixa <\/strong><strong>de temperatura de ebuli\u00e7\u00e3o: <\/strong>118\u00baC<\/li>\n<li><strong>Ponto de fulgor:\u00a0<\/strong>39\u00baC ASTMD 56<\/li>\n<li><strong>Taxa de evapora\u00e7\u00e3o: <\/strong>N\u00e3o dispon\u00edvel.<\/li>\n<li><strong>Inflamabilidade (s\u00f3lido;g\u00e1s): <\/strong>N\u00e3o aplic\u00e1vel<\/li>\n<li><strong>Limite inferior\/superior de <\/strong><strong>inflamabilidade ou <\/strong><strong>explosividade: <\/strong>4,0 \/ 19,9%<\/li>\n<li><strong>Press\u00e3o de vapor: <\/strong>11,4 mm Hg a 20\u00baC<\/li>\n<li><strong>Densidade de vapor: <\/strong>2,1 (Ar = 1 a 15,5 \u2013 32,2\u00baC)<\/li>\n<li><strong>Densidade relativa: <\/strong>1,049 a 20\u00baC<\/li>\n<li><strong>Solubilidade :\u00a0 <\/strong>Em \u00e1gua: completa<\/li>\n<li><strong>Coeficiente de parti\u00e7\u00e3o \u2013 noctanol\/<\/strong><strong>\u00e1gua: <\/strong>Log kow = -0,17<\/li>\n<li><strong>Temperatura de auto-igni\u00e7\u00e3o: <\/strong>463\u00baC<\/li>\n<li><strong>Temperatura de decomposi\u00e7\u00e3o: <\/strong>N\u00e3o dispon\u00edvel.<\/li>\n<li><strong>Viscosidade: <\/strong>1,2 mPas a 20\u00baC<\/li>\n<\/ul><\/div><div class='dt-sc-tabs-horizontal-content'>\r\n\t<div class=\"wpb_text_column wpb_content_element \" >\r\n\t\t<div class=\"wpb_wrapper\">\r\n\t\t\t<ul>\n<li>Fabrica\u00e7\u00e3o de sais org\u00e2nicos e inorg\u00e2nicos;<\/li>\n<li>Inseticidas e herbicidas;<\/li>\n<li>Industria farmac\u00eautica;<\/li>\n<li>Pl\u00e1sticos e borrachas;<\/li>\n<li>Industria aliment\u00edcia;<\/li>\n<li>Intermedi\u00e1rio em s\u00ednteses;<\/li>\n<li>Perfumaria e cosm\u00e9ticos;<\/li>\n<li>Industria t\u00eaxtil e curtumes;<\/li>\n<li>Industria diversas<\/li>\n<\/ul>\n\r\n\t\t<\/div>\r\n\t<\/div>\r\n<\/div><div class='dt-sc-tabs-horizontal-content'>\r\n\t<div class=\"wpb_text_column wpb_content_element \" >\r\n\t\t<div class=\"wpb_wrapper\">\r\n\t\t\t<ul>\n<li><strong>Toxicidade aguda: <\/strong>LC50 (Inal.) Rato 4640 PPM 4 HORAS,\u00a0LD50 (Oral) Rato 3310 MG\/KG, Coelho 1200 MG\/KG<br \/>\nLD50 (Pele) Coelho 1060 MG\/KG<\/li>\n<li><b>\u00a0Corros\u00e3o \/ irrita\u00e7\u00e3o da pele :\u00a0 <\/b>Provoca queimaduras na pele e les\u00f5es oculares graves<\/li>\n<li><strong>Les\u00f5es oculares <\/strong><strong>graves\/irrita\u00e7\u00e3o <\/strong><strong>ocular: <\/strong>N\u00e3o dispon\u00edvel.<\/li>\n<li><strong>Sensibiliza\u00e7\u00e3o <\/strong><strong>respirat\u00f3ria ou \u00e0 <\/strong><strong>pele: <\/strong>N\u00e3o dispon\u00edvel.<\/li>\n<li><strong>Mutagenicidade <\/strong><strong>em c\u00e9lulas <\/strong><strong>germinativas: <\/strong>N\u00e3o foram constatados ind\u00edcios de genotoxicidade do \u00e1cido ac\u00e9tico, acetato de s\u00f3dio ou anidrido ac\u00e9tico (que rapidamente hidrolisa-se formando \u00e1cido ac\u00e9tico) em testes in vitro padr\u00e3o com bact\u00e9rias. Resultados positivos com \u00e1cido ac\u00e9tico, mas n\u00e3o com acetato de s\u00f3dio no estudo de aberra\u00e7\u00e3o cromoss\u00f4mica e resultados amb\u00edguos com anidrido ac\u00e9tico no estudo de linfoma em camundongos, na aus\u00eancia de ativa\u00e7\u00e3o, podem ser devidos \u00e0 acidifica\u00e7\u00e3o do meio de cultura e n\u00e3o a mutagenicidade real. Num estudo isolado o \u00e1cido ac\u00e9tico induziu leve troca de crom\u00e1tide irm\u00e3, relativa \u00e0 dosagem, na aus\u00eancia de ativa\u00e7\u00e3o com pH\u00a0 pr\u00f3ximo de neutro. N\u00e3o h\u00e1 dados de toxicidade in vivo para o \u00e1cido ac\u00e9tico. No entanto, n\u00e3o h\u00e1 aumento de frequ\u00eancia de micron\u00facleos observado na medula \u00f3ssea de ratos expostos por inala\u00e7\u00e3o a 20 ppm de<br \/>\nanidrido ac\u00e9tico durante 90 dias. O \u00e1cido ac\u00e9tico n\u00e3o causou toxicidade materna, fetal ou anormalidades do desenvolvimento em animais que receberam at\u00e9 1600 mg 5% de \u00e1cido ac\u00e9tico \/kg \/ dia, via oral, durante a<br \/>\ngesta\u00e7\u00e3o. O aumento tempor\u00e1rio no peso pr\u00e9-desmame e diminui\u00e7\u00e3o no n\u00edvel de atividade em estudo em campo aberto foram observados nos filhotes machos de f\u00eameas de rato que receberam 0,0052 M de \u00e1cido ac\u00e9tico na \u00e1gua durante a lacta\u00e7\u00e3o. Embora a exposi\u00e7\u00e3o ao anidrido ac\u00e9tico (que imediatamente hidrolisa-se formando o \u00e1cido ac\u00e9tico) tenha causado fetotoxicidade em estudo via inala\u00e7\u00e3o em ratos, os efeitos s\u00f3 foram observados a 100 ppm, concentra\u00e7\u00e3o de exposi\u00e7\u00e3o que causou grave irrita\u00e7\u00e3o respirat\u00f3ria e toxicidade materna. N\u00e3o foram<br \/>\nobservados efeitos embrio\/fetot\u00f3xicos ou teratog\u00eanicos em crias de camundongos que receberam at\u00e9 1000 mg\/kg de acetato de s\u00f3dio por via oral.<\/li>\n<li><strong>Carcinogenicidade: <\/strong>Em estudos controlados feitos com animais, a administra\u00e7\u00e3o t\u00f3pica ou oral de \u00e1cido ac\u00e9tico sozinho a longo prazo, n\u00e3o induziu tumores. No entanto, ap\u00f3s in\u00edcio com um carcinog\u00eanico conhecido, o \u00e1cido ac\u00e9tico agiu como promotor fraco aumentando o n\u00famero de tumores benignos progredindo para carcinomas no local de contato em ratos tratados via oral e camundongos tratados via t\u00f3pica. O \u00e1cido ac\u00e9tico n\u00e3o \u00e9 classificado como cancer\u00edgeno por qualquer \u00f3rg\u00e3o oficial. Embora a exposi\u00e7\u00e3o repetida ao \u00e1cido ac\u00e9tico tenha sido relacionada ao aumento de sintomas respirat\u00f3rios cr\u00f4nicos e decl\u00ednio da fun\u00e7\u00e3o pulmonar, n\u00e3o h\u00e1 relatos publicados de c\u00e2ncer consequente de inala\u00e7\u00e3o por seres humanos. Al\u00e9m disso, n\u00e3o h\u00e1 relato de c\u00e2ncer decorrente do consumo a longo prazo de \u00e1cido ac\u00e9tico como conservante ou componente alimentar em concentra\u00e7\u00f5es pr\u00f3ximas de 10%.<\/li>\n<li><strong>Toxicidade \u00e0 <\/strong><strong>reprodu\u00e7\u00e3o: <\/strong>N\u00e3o h\u00e1 estudos dispon\u00edveis sobre os efeitos do \u00e1cido ac\u00e9tico na reprodu\u00e7\u00e3o. No entanto, n\u00e3o foram observados efeitos nos \u00f3rg\u00e3os reprodutores de ratos machos e f\u00eameas expostos ao vapor de anidrido ac\u00e9tico (que imediatamente hidrolisa-se formando \u00e1cido ac\u00e9tico), at\u00e9 10 ppm em estudo de 90 dias.<\/li>\n<li><strong>Toxicidade <\/strong><strong>sist\u00eamica para <\/strong><strong>\u00f3rg\u00e3os-alvo <\/strong><strong>espec\u00edficos \u2013 <\/strong><strong>exposi\u00e7\u00e3o \u00fanica: <\/strong>N\u00e3o dispon\u00edvel.<\/li>\n<li><strong>Toxicidade <\/strong><strong>sist\u00eamica para <\/strong><strong>\u00f3rg\u00e3os-alvo <\/strong><strong>espec\u00edficos \u2013 <\/strong><strong>exposi\u00e7\u00e3o <\/strong><strong>repetitiva: <\/strong>N\u00e3o dispon\u00edvel.<\/li>\n<li><strong>Perigo por <\/strong><strong>aspira\u00e7\u00e3o: <\/strong>Se a subst\u00e2ncia for ingerida acidentalmente, ela pode criar problemas de aspira\u00e7\u00e3o. Ao penetrar nos pulm\u00f5es (v\u00f4mitos), pode verificar-se um quadro cl\u00ednico semelhante a uma pneumonia (pneumonite qu\u00edmica).<\/li>\n<\/ul>\n\r\n\t\t<\/div>\r\n\t<\/div>\r\n<\/div><div class='dt-sc-tabs-horizontal-content'><ol class='dt-sc-fancy-list   decimal'>\n<li><span>\u00a0L\u00cdQUIDO ACIMA DE 16,7\u00b0C<\/span><\/li>\n<li><span>CLARO E INCOLOR<\/span><\/li>\n<li><span>ODOR FORTE E PUNGENTE DE VINAGRE<\/span><\/li>\n<\/ol><\/div><\/div><div class=\"vc_empty_space\"   style=\"height: 32px\"><span class=\"vc_empty_space_inner\"><\/span><\/div><\/div><\/div><\/div><\/div><div class=\"vc_row wpb_row vc_row-fluid\"><div class=\"wpb_column vc_column_container vc_col-sm-6\"><div class=\"vc_column-inner \"><div class=\"wpb_wrapper\"><div class='dt-sc-titled-box  '><h6 class='dt-sc-titled-box-title' > <span class='fa fa-info-circle'><\/span> Informa\u00e7\u00f5es<\/h6><div class='dt-sc-titled-box-content'>O\u00a0\u00e1cido ac\u00e9tico\u00a0(do\u00a0latim\u00a0acetum, azedo), CH3COOH, oficialmente chamado\u00a0\u00e1cido etan\u00f3ico, \u00e9 um\u00a0\u00e1cido carbox\u00edlico\u00a0(especificamente, um\u00a0\u00e1cido monocarbox\u00edlico), saturado e de cadeia aberta. Em sua forma impura, \u00e9 popularmente conhecido como\u00a0vinagre\u00a0(\u00b17% de \u00e1cido ac\u00e9tico em solu\u00e7\u00e3o aquosa). Quando est\u00e1 livre de \u00e1gua \u00e9 conhecido como \u00e1cido ac\u00e9tico glacial. \u00c9 conhecido por ser um\u00a0\u00e1cido\u00a0fraco, corrosivo, com vapores que causam irrita\u00e7\u00e3o nos\u00a0olhos, ardor no\u00a0nariz\u00a0e\u00a0garganta\u00a0e congest\u00e3o\u00a0pulmonar. Um\u00a0reagente qu\u00edmico\u00a0importante e largamente utilizado na industria qu\u00edmica, usado na produ\u00e7\u00e3o de politereftalato de etileno (PET), sendo este utilizado em garrafas de bebidas, o\u00a0acetato de celulose\u00a0utilizado na pel\u00edcula\u00a0fotogr\u00e1fica\u00a0, o\u00a0acetato de polivinil\u00a0utilizado na cola de\u00a0madeira, tamb\u00e9m utilizado para limpeza e desinfec\u00e7\u00e3o. A demanda global do \u00e1cido ac\u00e9tico \u00e9 em torno de 6,5 milh\u00e3o toneladas por ano, desta aproximadamente 1,5 Mt\/a s\u00e3o encontrados a partir da reciclagem; o restante \u00e9 manufaturado dos estoques petroqu\u00edmicos ou das fontes biol\u00f3gicas.<\/div><\/div><div class=\"vc_empty_space\"   style=\"height: 32px\"><span class=\"vc_empty_space_inner\"><\/span><\/div><div class='dt-sc-titled-box  '><h6 class='dt-sc-titled-box-title' > <span class='fa fa-info-circle'><\/span> Tipos de Utiliza\u00e7\u00e3o<\/h6><div class='dt-sc-titled-box-content'>O \u00c1cido Ac\u00e9tico \u00e9 uma subst\u00e2ncia utilizada nos seguintes produtos: produtos de lavagem e limpeza, produtos de tratamento do ar, produtos de revestimento, produtos anticongelantes, enchimentos, betumes, rebocos, massa de modelar, fertilizantes, lubrificantes e massas lubrificantes, produtos fitofarmac\u00eauticos, tintas para os dedos e biocidas ( por exemplo desinfetantes, produtos de controle de pragas).\n\u00c9 prov\u00e1vel que ocorra outra libera\u00e7\u00e3o para o meio ambiente desta subst\u00e2ncia: uso externo, uso interno (por exemplo, l\u00edquidos \/ detergentes para lavagem de m\u00e1quinas, produtos automotivos, tintas e revestimentos ou adesivos, fragr\u00e2ncias e purificadores de ar) e uso interno em sistemas fechados com o m\u00ednimo libera\u00e7\u00e3o (por exemplo, l\u00edquidos de resfriamento em refrigeradores, aquecedores el\u00e9tricos \u00e0 base de \u00f3leo).<\/div><\/div><\/div><\/div><\/div><div class=\"wpb_column vc_column_container vc_col-sm-6\"><div class=\"vc_column-inner \"><div class=\"wpb_wrapper\"><div class='dt-sc-titled-box  '><h6 class='dt-sc-titled-box-title' > <span class='fa fa-info-circle'><\/span> Embalagens<\/h6><div class='dt-sc-titled-box-content'><\/div><\/div><div class=\"vc_empty_space\"   style=\"height: 32px\"><span class=\"vc_empty_space_inner\"><\/span><\/div><div class='dt-sc-titled-box  '><h6 class='dt-sc-titled-box-title' > <span class='fa fa-info-circle'><\/span> Informa\u00e7\u00f5es T\u00e9cnicas<\/h6><div class='dt-sc-titled-box-content'><\/div><\/div>\n\t<div  class=\"wpb_single_image wpb_content_element vc_align_center wpb_content_element\">\n\t\t<h2 class=\"wpb_heading wpb_singleimage_heading\">FISPQ - \u00c1cido Ac\u00e9tico<\/h2>\n\t\t<figure class=\"wpb_wrapper vc_figure\">\n\t\t\t<a href=\"http:\/\/avanziquimica.com.br\/wp-content\/uploads\/2019\/06\/\u00e1cido-acetico-galcial-1.pdf\" target=\"_self\" class=\"vc_single_image-wrapper   vc_box_border_grey\"><img loading=\"lazy\" decoding=\"async\" width=\"150\" height=\"150\" src=\"https:\/\/avanziquimica.com.br\/wp-content\/uploads\/2019\/06\/pdf-150x150.png\" class=\"vc_single_image-img attachment-thumbnail\" alt=\"\" title=\"pdf\" srcset=\"https:\/\/avanziquimica.com.br\/wp-content\/uploads\/2019\/06\/pdf-150x150.png 150w, https:\/\/avanziquimica.com.br\/wp-content\/uploads\/2019\/06\/pdf-100x100.png 100w, https:\/\/avanziquimica.com.br\/wp-content\/uploads\/2019\/06\/pdf.png 256w\" sizes=\"(max-width: 150px) 100vw, 150px\" \/><\/a>\n\t\t<\/figure>\n\t<\/div>\n<\/div><\/div><\/div><\/div>\n<\/div>","protected":false},"excerpt":{"rendered":"R\u00f3tulo de Risco N\u00famero ONU 80 2790 CAS n\u00ba 64-19-7 F\u00f3rmula Molecular C2 H4 O2 Estrutura SIN\u00d4NIMOPROPRIEDADES F\u00cdSICO-QU\u00cdMICAS E AMBIENTAISAPLICA\u00c7\u00d5ESINFORMA\u00c7\u00d5ES SOBRE INTOXICA\u00c7\u00c3O HUMANAAPAR\u00caNCIA \u00c1CIDO ETAN\u00d3ICO \u00c1CIDO METACARBOX\u00cdLICO \u00c1CIDO ET\u00cdLICO pH : &lt; 2 Ponto de fus\u00e3o\/ponto de congelamento: 16,7\u00baC Ponto de ebuli\u00e7\u00e3o inicial e faixa de temperatura de ebuli\u00e7\u00e3o: 118\u00baC Ponto de fulgor:\u00a039\u00baC ASTMD 56 [...]","protected":false},"author":1,"featured_media":0,"parent":0,"menu_order":0,"comment_status":"closed","ping_status":"closed","template":"","meta":{"footnotes":""},"class_list":["post-12611","page","type-page","status-publish","hentry"],"aioseo_notices":[],"_links":{"self":[{"href":"https:\/\/avanziquimica.com.br\/index.php?rest_route=\/wp\/v2\/pages\/12611","targetHints":{"allow":["GET"]}}],"collection":[{"href":"https:\/\/avanziquimica.com.br\/index.php?rest_route=\/wp\/v2\/pages"}],"about":[{"href":"https:\/\/avanziquimica.com.br\/index.php?rest_route=\/wp\/v2\/types\/page"}],"author":[{"embeddable":true,"href":"https:\/\/avanziquimica.com.br\/index.php?rest_route=\/wp\/v2\/users\/1"}],"replies":[{"embeddable":true,"href":"https:\/\/avanziquimica.com.br\/index.php?rest_route=%2Fwp%2Fv2%2Fcomments&post=12611"}],"version-history":[{"count":0,"href":"https:\/\/avanziquimica.com.br\/index.php?rest_route=\/wp\/v2\/pages\/12611\/revisions"}],"wp:attachment":[{"href":"https:\/\/avanziquimica.com.br\/index.php?rest_route=%2Fwp%2Fv2%2Fmedia&parent=12611"}],"curies":[{"name":"wp","href":"https:\/\/api.w.org\/{rel}","templated":true}]}}