{"id":12744,"date":"2019-05-05T13:23:17","date_gmt":"2019-05-05T13:23:17","guid":{"rendered":"https:\/\/avanziquimica.com.br\/?page_id=12744"},"modified":"2019-06-03T21:12:07","modified_gmt":"2019-06-03T21:12:07","slug":"hidroxido-de-amonio-25","status":"publish","type":"page","link":"https:\/\/avanziquimica.com.br\/?page_id=12744","title":{"rendered":"Hidr\u00f3xido de Am\u00f4nio 25%"},"content":{"rendered":"<div class=\"wpb-content-wrapper\"><div class=\"vc_row wpb_row vc_row-fluid\"><div class=\"wpb_column vc_column_container vc_col-sm-1\/5\"><div class=\"vc_column-inner \"><div class=\"wpb_wrapper\">\r\n\t<div class=\"wpb_text_column wpb_content_element \" >\r\n\t\t<div class=\"wpb_wrapper\">\r\n\t\t\t<h4 style=\"text-align: center;\">R\u00f3tulo de Risco<\/h4>\n<p><img decoding=\"async\" class=\"alignnone wp-image-13029\" src=\"http:\/\/avanziquimica.com.br\/wp-content\/uploads\/2019\/06\/Corrosion.png\" alt=\"\" width=\"55\" height=\"55\" srcset=\"https:\/\/avanziquimica.com.br\/wp-content\/uploads\/2019\/06\/Corrosion.png 225w, https:\/\/avanziquimica.com.br\/wp-content\/uploads\/2019\/06\/Corrosion-150x150.png 150w, https:\/\/avanziquimica.com.br\/wp-content\/uploads\/2019\/06\/Corrosion-100x100.png 100w\" sizes=\"(max-width: 55px) 100vw, 55px\" \/><img decoding=\"async\" class=\"alignnone wp-image-13032\" src=\"http:\/\/avanziquimica.com.br\/wp-content\/uploads\/2019\/06\/Expoint_big.png\" alt=\"\" width=\"55\" height=\"55\" srcset=\"https:\/\/avanziquimica.com.br\/wp-content\/uploads\/2019\/06\/Expoint_big.png 225w, https:\/\/avanziquimica.com.br\/wp-content\/uploads\/2019\/06\/Expoint_big-150x150.png 150w, https:\/\/avanziquimica.com.br\/wp-content\/uploads\/2019\/06\/Expoint_big-100x100.png 100w\" sizes=\"(max-width: 55px) 100vw, 55px\" \/><img decoding=\"async\" class=\"alignnone wp-image-13030\" src=\"http:\/\/avanziquimica.com.br\/wp-content\/uploads\/2019\/06\/Environment_big.png\" alt=\"\" width=\"54\" height=\"54\" srcset=\"https:\/\/avanziquimica.com.br\/wp-content\/uploads\/2019\/06\/Environment_big.png 225w, https:\/\/avanziquimica.com.br\/wp-content\/uploads\/2019\/06\/Environment_big-150x150.png 150w, https:\/\/avanziquimica.com.br\/wp-content\/uploads\/2019\/06\/Environment_big-100x100.png 100w\" sizes=\"(max-width: 54px) 100vw, 54px\" \/><\/p>\n\r\n\t\t<\/div>\r\n\t<\/div>\r\n<\/div><\/div><\/div><div class=\"wpb_column vc_column_container vc_col-sm-1\/5\"><div class=\"vc_column-inner \"><div class=\"wpb_wrapper\">\r\n\t<div class=\"wpb_text_column wpb_content_element \" >\r\n\t\t<div class=\"wpb_wrapper\">\r\n\t\t\t<h4 style=\"text-align: center;\">N\u00famero ONU<\/h4>\n<h3 style=\"text-align: center;\">80<\/h3>\n<h3 style=\"text-align: center;\">2672<\/h3>\n\r\n\t\t<\/div>\r\n\t<\/div>\r\n<\/div><\/div><\/div><div class=\"wpb_column vc_column_container vc_col-sm-1\/5\"><div class=\"vc_column-inner \"><div class=\"wpb_wrapper\">\r\n\t<div class=\"wpb_text_column wpb_content_element \" >\r\n\t\t<div class=\"wpb_wrapper\">\r\n\t\t\t<h4 style=\"text-align: center;\">CAS n\u00ba<\/h4>\n<h3 style=\"text-align: center;\">1336-21-6<\/h3>\n\r\n\t\t<\/div>\r\n\t<\/div>\r\n<\/div><\/div><\/div><div class=\"wpb_column vc_column_container vc_col-sm-1\/5\"><div class=\"vc_column-inner \"><div class=\"wpb_wrapper\">\r\n\t<div class=\"wpb_text_column wpb_content_element \" >\r\n\t\t<div class=\"wpb_wrapper\">\r\n\t\t\t<h4 style=\"text-align: center;\">F\u00f3rmula Molecular<\/h4>\n<h3 style=\"text-align: center;\">NH4OH<\/h3>\n\r\n\t\t<\/div>\r\n\t<\/div>\r\n<\/div><\/div><\/div><div class=\"wpb_column vc_column_container vc_col-sm-1\/5\"><div class=\"vc_column-inner \"><div class=\"wpb_wrapper\">\r\n\t<div class=\"wpb_text_column wpb_content_element \" >\r\n\t\t<div class=\"wpb_wrapper\">\r\n\t\t\t<h4 style=\"text-align: center;\">Estrutura<\/h4>\n<p><img loading=\"lazy\" decoding=\"async\" class=\"wp-image-13207 aligncenter\" src=\"http:\/\/avanziquimica.com.br\/wp-content\/uploads\/2019\/06\/a9315fc01d7c98067ca1e1dd80b0d13f-300x294.png\" alt=\"\" width=\"140\" height=\"137\" srcset=\"https:\/\/avanziquimica.com.br\/wp-content\/uploads\/2019\/06\/a9315fc01d7c98067ca1e1dd80b0d13f-300x294.png 300w, https:\/\/avanziquimica.com.br\/wp-content\/uploads\/2019\/06\/a9315fc01d7c98067ca1e1dd80b0d13f-540x528.png 540w, https:\/\/avanziquimica.com.br\/wp-content\/uploads\/2019\/06\/a9315fc01d7c98067ca1e1dd80b0d13f.png 600w\" sizes=\"(max-width: 140px) 100vw, 140px\" \/><\/p>\n\r\n\t\t<\/div>\r\n\t<\/div>\r\n<\/div><\/div><\/div><\/div><div class=\"vc_row wpb_row vc_row-fluid\"><div class=\"wpb_column vc_column_container vc_col-sm-12\"><div class=\"vc_column-inner \"><div class=\"wpb_wrapper\"><div class=\"vc_empty_space\"   style=\"height: 32px\"><span class=\"vc_empty_space_inner\"><\/span><\/div><\/div><\/div><\/div><\/div><div class=\"vc_row wpb_row vc_row-fluid\"><div class=\"wpb_column vc_column_container vc_col-sm-12\"><div class=\"vc_column-inner \"><div class=\"wpb_wrapper\"><div class='dt-sc-tabs-horizontal-container ' data-effect='fade'><ul class='dt-sc-tabs-horizontal'><li><a href=\"javascript:void(0);\">SIN\u00d4NIMO<\/a><\/li><li><a href=\"javascript:void(0);\">APAR\u00caNCIA<\/a><\/li><li><a href=\"javascript:void(0);\">PROPRIEDADES F\u00cdSICO-QU\u00cdMICAS E AMBIENTAIS<\/a><\/li><li><a href=\"javascript:void(0);\">APLICA\u00c7\u00d5ES<\/a><\/li><li><a href=\"javascript:void(0);\">INFORMA\u00c7\u00d5ES SOBRE INTOXICA\u00c7\u00c3O HUMANA<\/a><\/li><\/ul><div class='dt-sc-tabs-horizontal-content'><ul>\n<li><span>\u00c1GUA AMONIACAL<\/span><\/li>\n<li><span>AMON\u00cdACO<\/span><\/li>\n<li><span>AM\u00d4NIO SOLU\u00c7\u00c3O<\/span><\/li>\n<\/ul><\/div><div class='dt-sc-tabs-horizontal-content'><ol class='dt-sc-fancy-list   decimal'>\n<li><span>L\u00cdQUIDO AQUOSO ;<\/span><\/li>\n<li><span>SEM COLORA\u00c7\u00c3O ;<\/span><\/li>\n<li><span>ODOR DE AM\u00d4NIA ;<\/span><\/li>\n<li><span>FLUTUA E MISTURA COM \u00c1GUA ;<\/span><\/li>\n<li><span>PRODUZ VAPOR IRRITANTE<\/span><\/li>\n<\/ol><\/div><div class='dt-sc-tabs-horizontal-content'><ul class='dt-sc-fancy-list   arrow'>\n<li><strong>Aspecto:<\/strong> L\u00edquido l\u00edmpido incolor<\/li>\n<li><strong>Odor:<\/strong> Picante<\/li>\n<li><strong>pH:<\/strong> 13,0 (25%)<\/li>\n<li><strong>Ponto de fus\u00e3o\/congelamento:<\/strong> &#8211; 57,5 \u00b0C (25%)<\/li>\n<li><strong>Ponto de ebuli\u00e7\u00e3o:<\/strong> 37,7 \u00b0C (25%)<\/li>\n<li><strong>Ponto de fulgor:<\/strong> N\u00e3o aplic\u00e1vel<\/li>\n<li><strong>Taxa de evapora\u00e7\u00e3o:<\/strong> N\u00e3o h\u00e1 dados dispon\u00edveis<\/li>\n<li><strong>Inflamabilidade:<\/strong> N\u00e3o h\u00e1 dados dispon\u00edveis<\/li>\n<li><strong>Limite de inflamabilidade:<\/strong> N\u00e3o h\u00e1 dados dispon\u00edveis<\/li>\n<li><strong>Press\u00e3o de vapor:<\/strong> 500 mbar (20 \u00b0C)<\/li>\n<li><strong>Densidade de vapor:<\/strong> N\u00e3o h\u00e1 dados dispon\u00edveis<\/li>\n<li><strong>Densidade relativa:<\/strong> 0,910 g\/cm\u00b3 (20 \u00b0C)<\/li>\n<li><strong>Solubilidade:<\/strong> Totalmente sol\u00favel em \u00e1gua<\/li>\n<li><strong>Coeficiente de parti\u00e7\u00e3o &#8211; noctanol\/\u00e1gua:<\/strong> N\u00e3o h\u00e1 dados dispon\u00edveis<\/li>\n<\/ul><\/div><div class='dt-sc-tabs-horizontal-content'>\r\n\t<div class=\"wpb_text_column wpb_content_element \" >\r\n\t\t<div class=\"wpb_wrapper\">\r\n\t\t\t<ul>\n<li>IND\u00daSTRIAS T\u00caXTIL;<\/li>\n<li>FABRICA\u00c7\u00c3O DE RAYON, BORRACHA E FERTILIZANTES;<\/li>\n<li>FOTOGRAFIAS (REVELA\u00c7\u00c3O DE FILMES);<\/li>\n<li>PRODUTOS FARMAC\u00caUTICOS;<\/li>\n<li>SAB\u00d5ES DE AM\u00d4NIA;<\/li>\n<li>LUBRIFICANTES;<\/li>\n<li>TINTAS;<\/li>\n<li>EXPLOSIVOS;<\/li>\n<li>DETERGENTES;<\/li>\n<li>S\u00cdNTESES ORG\u00c2NICAS.<\/li>\n<\/ul>\n\r\n\t\t<\/div>\r\n\t<\/div>\r\n<\/div><div class='dt-sc-tabs-horizontal-content'>\r\n\t<div class=\"wpb_text_column wpb_content_element \" >\r\n\t\t<div class=\"wpb_wrapper\">\r\n\t\t\t<p><strong>Toxicidade aguda:<\/strong> LD50 (oral, ratos): 350 mg\/kg<br \/>\n<strong>Corros\u00e3o\/irrita\u00e7\u00e3o da pele:<\/strong> Teste de irrita\u00e7\u00e3o da pele (coelho): Irrita\u00e7\u00f5es severas (sol. 29%)<br \/>\n<strong>Les\u00f5es oculares graves\/irrita\u00e7\u00e3o <\/strong><strong>ocular: <\/strong>Teste de irrita\u00e7\u00e3o dos olhos (coelho): Irrita\u00e7\u00f5es severas (sol. 29%)<br \/>\n<strong>Sensibiliza\u00e7\u00e3o respirat\u00f3ria ou a <\/strong><strong>pele: <\/strong>LD50(oral, ratos): 1,4 mg\/L<br \/>\n<strong>Sensibiliza\u00e7\u00e3o em c\u00e9lulas <\/strong><strong>germinativas: <\/strong>N\u00e3o h\u00e1 dados dispon\u00edveis<br \/>\n<strong>Carcinogenicidade:<\/strong> N\u00e3o h\u00e1 dados dispon\u00edveis<br \/>\n<strong>Toxicidade \u00e0 reprodu\u00e7\u00e3o:<\/strong> N\u00e3o h\u00e1 dados dispon\u00edveis<br \/>\n<strong>Toxicidade para \u00f3rg\u00e3os-alvo <\/strong><strong>espec\u00edficos &#8211; exposi\u00e7\u00e3o \u00fanica: <\/strong>N\u00e3o h\u00e1 dados dispon\u00edveis<br \/>\n<strong>Toxicidade para \u00f3rg\u00e3os-alvo <\/strong><strong>espec\u00edficos &#8211; exposi\u00e7\u00e3o repetida: <\/strong>N\u00e3o h\u00e1 dados dispon\u00edveis<\/p>\n\r\n\t\t<\/div>\r\n\t<\/div>\r\n<\/div><\/div><div class=\"vc_empty_space\"   style=\"height: 32px\"><span class=\"vc_empty_space_inner\"><\/span><\/div><\/div><\/div><\/div><\/div><div class=\"vc_row wpb_row vc_row-fluid\"><div class=\"wpb_column vc_column_container vc_col-sm-6\"><div class=\"vc_column-inner \"><div class=\"wpb_wrapper\"><div class='dt-sc-titled-box  '><h6 class='dt-sc-titled-box-title' > <span class='fa fa-info-circle'><\/span> Informa\u00e7\u00f5es<\/h6><div class='dt-sc-titled-box-content'>O hidr\u00f3xido de am\u00f4nio, tamb\u00e9m conhecido como amon\u00edaco \u00e9 uma monobase base fraca, cuja f\u00f3rmula qu\u00edmica \u00e9 NH4OH, sendo dentro do grupo das bases, a \u00fanica que n\u00e3o \u00e9 uma formada pela liga\u00e7\u00e3o entre OH- e um n\u00e3o metal. \u00c9 formada pela rea\u00e7\u00e3o entre am\u00f4nia anidra (NH3) que apresenta estado f\u00edsico gasoso e \u00e1gua (H2O). Essa rea\u00e7\u00e3o \u00e9 feita sob press\u00e3o e temperatura controlada.<\/div><\/div><div class=\"vc_empty_space\"   style=\"height: 32px\"><span class=\"vc_empty_space_inner\"><\/span><\/div><div class='dt-sc-titled-box  '><h6 class='dt-sc-titled-box-title' > <span class='fa fa-info-circle'><\/span> Tipos de Utiliza\u00e7\u00e3o<\/h6><div class='dt-sc-titled-box-content'>Esse composto apresenta vasta aplica\u00e7\u00e3o, no setor industrial pode ser utilizado na produ\u00e7\u00e3o de tintas para cabelo, fertilizantes, explosivos, sab\u00e3o, detergente, lubrificantes. Al\u00e9m disso, tamb\u00e9m est\u00e1 presente na produ\u00e7\u00e3o de cosm\u00e9ticos, medicamentos, aditivos para alimentos, de tratamento de efluentes, saponifica\u00e7\u00e3o de \u00f3leos e gorduras. Outras aplica\u00e7\u00f5es incluem limpeza dom\u00e9stica, na produ\u00e7\u00e3o de compostos org\u00e2nicos, produ\u00e7\u00e3o de filmes e revela\u00e7\u00f5es fotogr\u00e1ficas. Devido ao seu elevado calor de vaporiza\u00e7\u00e3o e temperatura critica, \u00e9 muito usado em sistemas de refrigera\u00e7\u00e3o.\nO amon\u00edaco \u00e9 muito usado em ciclos de compress\u00e3o (refrigera\u00e7\u00e3o) devido ao seu elevado calor de vaporiza\u00e7\u00e3o e temperatura cr\u00edtica.<\/div><\/div><\/div><\/div><\/div><div class=\"wpb_column vc_column_container vc_col-sm-6\"><div class=\"vc_column-inner \"><div class=\"wpb_wrapper\"><div class='dt-sc-titled-box  '><h6 class='dt-sc-titled-box-title' > <span class='fa fa-info-circle'><\/span> Embalagens<\/h6><div class='dt-sc-titled-box-content'><\/div><\/div><div class=\"vc_empty_space\"   style=\"height: 32px\"><span class=\"vc_empty_space_inner\"><\/span><\/div><div class='dt-sc-titled-box  '><h6 class='dt-sc-titled-box-title' > <span class='fa fa-info-circle'><\/span> Informa\u00e7\u00f5es T\u00e9cnicas<\/h6><div class='dt-sc-titled-box-content'><\/div><\/div>\n\t<div  class=\"wpb_single_image wpb_content_element vc_align_center wpb_content_element\">\n\t\t<h2 class=\"wpb_heading wpb_singleimage_heading\">FISPQ - Hidr\u00f3xido de Am\u00f4nio<\/h2>\n\t\t<figure class=\"wpb_wrapper vc_figure\">\n\t\t\t<a href=\"http:\/\/avanziquimica.com.br\/wp-content\/uploads\/2019\/06\/Hidroxido-de-amonio-25.pdf\" target=\"_self\" class=\"vc_single_image-wrapper   vc_box_border_grey\"><img loading=\"lazy\" decoding=\"async\" width=\"150\" height=\"150\" src=\"https:\/\/avanziquimica.com.br\/wp-content\/uploads\/2019\/06\/pdf-150x150.png\" class=\"vc_single_image-img attachment-thumbnail\" alt=\"\" title=\"pdf\" srcset=\"https:\/\/avanziquimica.com.br\/wp-content\/uploads\/2019\/06\/pdf-150x150.png 150w, https:\/\/avanziquimica.com.br\/wp-content\/uploads\/2019\/06\/pdf-100x100.png 100w, https:\/\/avanziquimica.com.br\/wp-content\/uploads\/2019\/06\/pdf.png 256w\" sizes=\"(max-width: 150px) 100vw, 150px\" \/><\/a>\n\t\t<\/figure>\n\t<\/div>\n<\/div><\/div><\/div><\/div>\n<\/div>","protected":false},"excerpt":{"rendered":"R\u00f3tulo de Risco N\u00famero ONU 80 2672 CAS n\u00ba 1336-21-6 F\u00f3rmula Molecular NH4OH Estrutura SIN\u00d4NIMOAPAR\u00caNCIAPROPRIEDADES F\u00cdSICO-QU\u00cdMICAS E AMBIENTAISAPLICA\u00c7\u00d5ESINFORMA\u00c7\u00d5ES SOBRE INTOXICA\u00c7\u00c3O HUMANA \u00c1GUA AMONIACAL AMON\u00cdACO AM\u00d4NIO SOLU\u00c7\u00c3O L\u00cdQUIDO AQUOSO ; SEM COLORA\u00c7\u00c3O ; ODOR DE AM\u00d4NIA ; FLUTUA E MISTURA COM \u00c1GUA ; PRODUZ VAPOR IRRITANTE Aspecto: L\u00edquido l\u00edmpido incolor Odor: Picante pH: 13,0 (25%) Ponto [...]","protected":false},"author":1,"featured_media":0,"parent":0,"menu_order":0,"comment_status":"closed","ping_status":"closed","template":"","meta":{"footnotes":""},"class_list":["post-12744","page","type-page","status-publish","hentry"],"aioseo_notices":[],"_links":{"self":[{"href":"https:\/\/avanziquimica.com.br\/index.php?rest_route=\/wp\/v2\/pages\/12744","targetHints":{"allow":["GET"]}}],"collection":[{"href":"https:\/\/avanziquimica.com.br\/index.php?rest_route=\/wp\/v2\/pages"}],"about":[{"href":"https:\/\/avanziquimica.com.br\/index.php?rest_route=\/wp\/v2\/types\/page"}],"author":[{"embeddable":true,"href":"https:\/\/avanziquimica.com.br\/index.php?rest_route=\/wp\/v2\/users\/1"}],"replies":[{"embeddable":true,"href":"https:\/\/avanziquimica.com.br\/index.php?rest_route=%2Fwp%2Fv2%2Fcomments&post=12744"}],"version-history":[{"count":0,"href":"https:\/\/avanziquimica.com.br\/index.php?rest_route=\/wp\/v2\/pages\/12744\/revisions"}],"wp:attachment":[{"href":"https:\/\/avanziquimica.com.br\/index.php?rest_route=%2Fwp%2Fv2%2Fmedia&parent=12744"}],"curies":[{"name":"wp","href":"https:\/\/api.w.org\/{rel}","templated":true}]}}