{"id":13413,"date":"2019-06-04T23:18:42","date_gmt":"2019-06-04T23:18:42","guid":{"rendered":"https:\/\/avanziquimica.com.br\/?page_id=13413"},"modified":"2019-06-05T21:47:35","modified_gmt":"2019-06-05T21:47:35","slug":"alimenticio","status":"publish","type":"page","link":"https:\/\/avanziquimica.com.br\/?page_id=13413","title":{"rendered":"Aliment\u00edcio"},"content":{"rendered":"<div class=\"wpb-content-wrapper\"><div class=\"vc_row wpb_row vc_row-fluid\"><div class=\"wpb_column vc_column_container vc_col-sm-12\"><div class=\"vc_column-inner \"><div class=\"wpb_wrapper\"><h3>Aliment\u00edcio<\/h3><p style=\"text-align: left\" class=\"vc_custom_heading vcr_heading-right\">A alimenta\u00e7\u00e3o imp\u00f5e um permanente desafio tecnol\u00f3gico para a humanidade desde os tempos mais remotos. A qu\u00edmica vem acompanhando essa evolu\u00e7\u00e3o e mesmo atualmente, quando h\u00e1 uma clara tend\u00eancia do consumidor por produtos naturais, a import\u00e2ncia da ci\u00eancia permanece sendo relevante. Na industria aliment\u00edcia os insumos qu\u00edmicos possuem papel fundamental em diversas fases do processo produtivo dos alimentos, sejam na produ\u00e7\u00e3o do alimento ou mesmo na limpeza e esteriliza\u00e7\u00e3o de equipamentos produtivos.<\/p>\n<p>A Avanzi Qu\u00edmica \u00e9 fornecedora de grandes industrias do setor aliment\u00edcio e possui total capacidade t\u00e9cnica para qualquer tipo de fornecimento. Consulte nossa equipe de vendas<\/p><div id=\"1516867343631-71448bdf-b791\" class=\"dt-sc-empty-space\"><\/div><div class=\"vc_row wpb_row vc_inner vc_row-fluid\"><div class=\"wpb_column vc_column_container vc_col-sm-6\"><div class=\"vc_column-inner \"><div class=\"wpb_wrapper\">\n\t<div  class=\"wpb_single_image wpb_content_element vc_align_left wpb_content_element\">\n\t\t\n\t\t<figure class=\"wpb_wrapper vc_figure\">\n\t\t\t<div class=\"vc_single_image-wrapper   vc_box_border_grey\"><img fetchpriority=\"high\" decoding=\"async\" width=\"450\" height=\"270\" src=\"https:\/\/avanziquimica.com.br\/wp-content\/uploads\/2019\/06\/alimenticio-1-.png\" class=\"vc_single_image-img attachment-full\" alt=\"\" title=\"alimenticio 1\" srcset=\"https:\/\/avanziquimica.com.br\/wp-content\/uploads\/2019\/06\/alimenticio-1-.png 450w, https:\/\/avanziquimica.com.br\/wp-content\/uploads\/2019\/06\/alimenticio-1--300x180.png 300w\" sizes=\"(max-width: 450px) 100vw, 450px\" \/><\/div>\n\t\t<\/figure>\n\t<\/div>\n<\/div><\/div><\/div><div class=\"wpb_column vc_column_container vc_col-sm-6\"><div class=\"vc_column-inner \"><div class=\"wpb_wrapper\">\n\t<div  class=\"wpb_single_image wpb_content_element vc_align_left wpb_content_element\">\n\t\t\n\t\t<figure class=\"wpb_wrapper vc_figure\">\n\t\t\t<div class=\"vc_single_image-wrapper   vc_box_border_grey\"><img decoding=\"async\" width=\"450\" height=\"270\" src=\"https:\/\/avanziquimica.com.br\/wp-content\/uploads\/2019\/06\/alimenticio-2.png\" class=\"vc_single_image-img attachment-full\" alt=\"\" title=\"alimenticio 2\" srcset=\"https:\/\/avanziquimica.com.br\/wp-content\/uploads\/2019\/06\/alimenticio-2.png 450w, https:\/\/avanziquimica.com.br\/wp-content\/uploads\/2019\/06\/alimenticio-2-300x180.png 300w\" sizes=\"(max-width: 450px) 100vw, 450px\" \/><\/div>\n\t\t<\/figure>\n\t<\/div>\n<\/div><\/div><\/div><\/div><\/div><\/div><\/div><\/div>\n<\/div>","protected":false},"excerpt":{"rendered":"Aliment\u00edcioA alimenta\u00e7\u00e3o imp\u00f5e um permanente desafio tecnol\u00f3gico para a humanidade desde os tempos mais remotos. A qu\u00edmica vem acompanhando essa evolu\u00e7\u00e3o e mesmo atualmente, quando h\u00e1 uma clara tend\u00eancia do consumidor por produtos naturais, a import\u00e2ncia da ci\u00eancia permanece sendo relevante. Na industria aliment\u00edcia os insumos qu\u00edmicos possuem papel fundamental em diversas fases do processo [...]","protected":false},"author":1,"featured_media":0,"parent":11155,"menu_order":0,"comment_status":"closed","ping_status":"closed","template":"tpl-sidenavigation.php","meta":{"footnotes":""},"class_list":["post-13413","page","type-page","status-publish","hentry"],"aioseo_notices":[],"_links":{"self":[{"href":"https:\/\/avanziquimica.com.br\/index.php?rest_route=\/wp\/v2\/pages\/13413","targetHints":{"allow":["GET"]}}],"collection":[{"href":"https:\/\/avanziquimica.com.br\/index.php?rest_route=\/wp\/v2\/pages"}],"about":[{"href":"https:\/\/avanziquimica.com.br\/index.php?rest_route=\/wp\/v2\/types\/page"}],"author":[{"embeddable":true,"href":"https:\/\/avanziquimica.com.br\/index.php?rest_route=\/wp\/v2\/users\/1"}],"replies":[{"embeddable":true,"href":"https:\/\/avanziquimica.com.br\/index.php?rest_route=%2Fwp%2Fv2%2Fcomments&post=13413"}],"version-history":[{"count":0,"href":"https:\/\/avanziquimica.com.br\/index.php?rest_route=\/wp\/v2\/pages\/13413\/revisions"}],"up":[{"embeddable":true,"href":"https:\/\/avanziquimica.com.br\/index.php?rest_route=\/wp\/v2\/pages\/11155"}],"wp:attachment":[{"href":"https:\/\/avanziquimica.com.br\/index.php?rest_route=%2Fwp%2Fv2%2Fmedia&parent=13413"}],"curies":[{"name":"wp","href":"https:\/\/api.w.org\/{rel}","templated":true}]}}